
Is 2500 a multiple of 250?
True
Is 240 a multiple of 5?
True
Is 5 a factor of 148?
False
Is 1592 a multiple of 14?
False
Is 156 a multiple of 3?
True
Is 35 a factor of 7840?
True
Is 2800 a multiple of 25?
True
Does 8 divide 10320?
True
Is 183 a factor of 50873?
False
Does 26 divide 2641?
False
Does 63 divide 1762?
False
Is 316 a multiple of 4?
True
Is 3 a factor of 3468?
True
Is 6 a factor of 55882?
False
Is 1018 a multiple of 81?
False
Is 5479 a multiple of 135?
False
Is 137 a multiple of 22?
False
Does 2 divide 1417?
False
Is 4858 a multiple of 7?
True
Is 12996 a multiple of 38?
True
Is 200 a multiple of 40?
True
Is 10 a factor of 1790?
True
Is 24 a factor of 25717?
False
Does 14 divide 958?
False
Is 16 a factor of 2233?
False
Is 3133 a multiple of 23?
False
Is 57 a factor of 20121?
True
Is 8862 a multiple of 37?
False
Does 54 divide 2785?
False
Is 43 a factor of 1166?
False
Is 378 a multiple of 14?
True
Does 3 divide 230?
False
Is 10 a factor of 1016?
False
Does 7 divide 679?
True
Does 6 divide 93?
False
Does 30 divide 1251?
False
Is 15 a factor of 540?
True
Is 89 a factor of 5352?
False
Is 925 a multiple of 9?
False
Is 66 a factor of 82003?
False
Is 20 a factor of 62360?
True
Is 12 a factor of 41808?
True
Is 23 a factor of 388?
False
Does 13 divide 1690?
True
Is 3888 a multiple of 72?
True
Does 30 divide 300?
True
Is 36552 a multiple of 83?
False
Is 36 a factor of 3245?
False
Is 76 a factor of 24092?
True
Is 1611 a multiple of 12?
False
Does 10 divide 1560?
True
Is 30 a factor of 450?
True
Does 31 divide 2736?
False
Is 14104 a multiple of 86?
True
Is 4 a factor of 18?
False
Does 63 divide 891?
False
Is 22841 a multiple of 31?
False
Is 4674 a multiple of 6?
True
Is 1141 a multiple of 44?
False
Is 9 a factor of 954?
True
Is 130 a factor of 38740?
True
Is 490 a multiple of 10?
True
Does 148 divide 5656?
False
Is 4598 a multiple of 19?
True
Is 5 a factor of 14270?
True
Is 3385 a multiple of 89?
False
Is 684 a multiple of 3?
True
Is 9408 a multiple of 147?
True
Is 1300 a multiple of 4?
True
Is 996 a multiple of 12?
True
Is 5 a factor of 35?
True
Is 111264 a multiple of 38?
True
Is 20 a factor of 8005?
False
Is 112 a multiple of 8?
True
Is 18 a factor of 846?
True
Is 21 a factor of 9393?
False
Is 131 a factor of 4323?
True
Is 32340 a multiple of 10?
True
Does 55 divide 3784?
False
Is 814 a multiple of 37?
True
Is 88 a factor of 25432?
True
Is 54 a factor of 378?
True
Is 26 a factor of 855?
False
Is 49 a factor of 98?
True
Is 7837 a multiple of 145?
False
Does 17 divide 526?
False
Does 4 divide 772?
True
Is 33688 a multiple of 19?
False
Is 20 a factor of 32607?
False
Is 9 a factor of 135?
True
Is 1422 a multiple of 10?
False
Is 2 a factor of 510?
True
Is 396 a multiple of 6?
True
Is 610 a multiple of 10?
True
Is 21593 a multiple of 13?
True
Does 20 divide 900?
True
Does 2 divide 248?
True
Is 3797 a multiple of 79?
False
Does 9 divide 13025?
False
Is 2220 a multiple of 6?
True
Is 1764 a multiple of 18?
True
Is 39 a factor of 3198?
True
Does 28 divide 578?
False
Is 14 a factor of 2810?
False
Is 2300 a multiple of 46?
True
Does 42 divide 22915?
False
Is 31 a factor of 7998?
True
Is 37 a factor of 888?
True
Does 34 divide 11609?
False
Does 26 divide 2469?
False
Does 23 divide 897?
True
Is 30 a factor of 3628?
False
Does 14 divide 1876?
True
Does 59 divide 2388?
False
Is 1140 a multiple of 60?
True
Is 31 a factor of 223?
False
Does 7 divide 602?
True
Is 1162 a multiple of 2?
True
Is 1296 a multiple of 18?
True
Does 11 divide 421?
False
Is 14 a factor of 16580?
False
Does 33 divide 19041?
True
Does 4 divide 36058?
False
Does 18 divide 27090?
True
Is 6006 a multiple of 11?
True
Is 17 a factor of 187?
True
Is 17 a multiple of 3?
False
Is 19 a factor of 1977?
False
Does 31 divide 6045?
True
Does 35 divide 4060?
True
Is 333 a multiple of 39?
False
Is 212 a factor of 17172?
True
Does 107 divide 7490?
True
Is 48 a factor of 23136?
True
Is 54 a factor of 19385?
False
Is 27521 a multiple of 9?
False
Does 292 divide 10132?
False
Does 9 divide 10035?
True
Does 117 divide 51480?
True
Is 43 a factor of 3182?
True
Does 14 divide 1688?
False
Is 46 a factor of 3036?
True
Does 22 divide 2531?
False
Is 24 a factor of 61848?
True
Is 93 a factor of 1032?
False
Does 6 divide 174?
True
Is 5 a factor of 2787?
False
Does 4 divide 192?
True
Is 2247 a multiple of 14?
False
Does 154 divide 16632?
True
Does 20 divide 10680?
True
Is 11900 a multiple of 17?
True
Does 30 divide 690?
True
Does 32 divide 4288?
True
Does 19 divide 4579?
True
Is 267 a multiple of 2?
False
Is 3227 a multiple of 24?
False
Is 721 a multiple of 11?
False
Is 64 a factor of 17600?
True
Is 8 a factor of 1864?
True
Is 3444 a multiple of 14?
True
Is 6 a factor of 654?
True
Is 186 a factor of 33999?
False
Is 4 a factor of 436?
True
Does 20 divide 1553?
False
Is 287 a multiple of 10?
False
Is 360 a factor of 39023?
False
Is 11 a factor of 8855?
True
Is 741 a multiple of 39?
True
Does 32 divide 192?
True
Is 32 a factor of 1370?
False
Is 32 a factor of 1943?
False
Is 240 a multiple of 24?
True
Is 10 a factor of 14550?
True
Is 5364 a multiple of 9?
True
Does 34 divide 75186?
False
Is 26 a factor of 858?
True
Is 2474 a multiple of 92?
False
Is 1040 a multiple of 13?
True
Is 858 a multiple of 66?
True
Does 30 divide 390?
True
Is 2315 a multiple of 88?
False
Does 8 divide 7969?
False
Does 2 divide 999?
False
Is 103 a factor of 12606?
False
Is 10 a factor of 1899?
False
Is 10 a factor of 6876?
False
Is 9 a factor of 765?
True
Is 1495 a multiple of 13?
True
Does 6 divide 240?
True
Is 115 a factor of 51100?
False
Does 100 divide 20800?
True
Is 910 a multiple of 10?
True
Is 12 a factor of 490?
False
Does 251 divide 9609?
False
Is 10 a factor of 2080?
True
Is 591 a multiple of 36?
False
Is 35 a factor of 22071?
False
Is 5575 a multiple of 16?
False
Is 11641 a multiple of 3?
False
Is 30 a factor of 63300?
True
Does 105 divide 11865?
True
Is 133 a factor of 62251?
False
Is 30 a multiple of 15?
True
Does 4 divide 62924?
True
Is 67 a factor of 1467?
False
Does 201 divide 9701?
False
Is 58 a factor of 986?
True
Is 2689 a multiple of 78?
False
Is 20 a factor of 4175?
False
Is 194 a factor of 2716?
True
Is 48 a factor of 9072?
True
Is 551 a multiple of 9?
False
Is 2448 a multiple of 68?
True
Is 1892 a multiple of 24?
False
Is 19 a factor of 856?
False
Is 1105 a multiple of 36?
False
Is 18070 a multiple of 10?
True
Is 17 a factor of 2509?
False
Is 17597 a multiple of 14?
False
Is 7 a factor of 1728?
False
Is 10 a factor of 2070?
True
Is 87 a multiple of 15?
False
Does 148 divide 3996?
True
Does 7 divide 14494?
False
Is 42 a factor of 12692?
False
Is 369 a multiple of 3?
True
Is 17410 a multiple of 49?
False
Does 26 divide 1091?
False
Does 6 divide 2314?
False
Does 12 divide 10212?
True
Does 27 divide 372?
False
Is 8 a factor of 2056?
True
Is 32387 a multiple of 44?
False
Does 6 divide 600?
True
Does 27 divide 3437?
False
Is 18 a factor of 284?
False
Is 42 a factor of 15128?
False
Does 2 divide 109?
False
Is 124 a multiple of 31?
True
Does 25 divide 1555?
False
Does 17 divide 167?
False
Is 10 a factor of 1290?
True
Is 69 a factor of 43884?
True
Is 5 a factor of 905?
True
Does 4 divide 926?
False
Is 11 a factor of 1672?
True
Does 53 divide 116388?
True
Is 7 a factor of 2168?
False
Is 4 a factor of 480?
True
Is 1435 a multiple of 7?
True
Is 21 a factor of 86646?
True
Is 2520 a multiple of 42?
True
Is 34 a factor of 1258?
True
Is 42570 a multiple of 43?
True
Is 4 a factor of 11208?
True
Is 60 a factor of 11959?
False
Does 17 divide 10744?
True
Does 136 divide 6800?
True
Is 5 a factor of 34355?
True
Does 67 divide 8307?
False
Is 13 a factor of 10637?
False
Is 5355 a multiple of 7?
True
Is 11450 a multiple of 74?
False
Is 1342 a multiple of 122?
True
Is 17 a factor of 46259?
False
Is 40 a factor of 389?
False
Does 17 divide 2980?
False
Is 203 a multiple of 29?
True
Is 14 a factor of 101?
False
Is 73 a factor of 150?
False
Does 45 divide 608?
False
Is 42 a factor of 3066?
True
Does 184 divide 38272?
True
Is 863 a multiple of 4?
False
Is 10 a factor of 4720?
True
Is 8127 a multiple of 63?
True
Is 309 a multiple of 12?
False
Is 11 a factor of 568?
False
Is 23272 a multiple of 86?
False
Is 69 a factor of 129?
False
Is 8614 a multiple o